{"id":1571,"date":"2016-10-15T18:50:51","date_gmt":"2016-10-15T17:50:51","guid":{"rendered":"https:\/\/solcelle.dk\/wordpress\/produkt\/laderegulator-hrsi-til-rutland-914i-12-24v\/"},"modified":"2024-10-15T13:49:49","modified_gmt":"2024-10-15T12:49:49","slug":"laderegulator-hrsi-til-rutland-914i-12-24v","status":"publish","type":"product","link":"https:\/\/solcelle.dk\/wordpress\/produkt\/laderegulator-hrsi-til-rutland-914i-12-24v\/","title":{"rendered":"&#8211; Laderegulator HRSi til Rutland 504, 914i, 12-24V"},"content":{"rendered":"<p>HRSi laderegulatoren til Rutland <a href=\"https:\/\/solcelle.dk\/wordpress\/produkt\/vindmoelle-rutland-914i-til-baad-land\/\">914i<\/a>, <a href=\"https:\/\/solcelle.dk\/wordpress\/produkt\/vindmoelle-rutland-504-12v\/\">504<\/a>, <a href=\"https:\/\/solcelle.dk\/wordpress\/produkt\/vindmoelle-rutland-furlmatic-910-4\/\">FM910_4<\/a> kombinerer en Rutland vindm\u00f8lle regulator med en 160Watts solcelle regulator. En flertrins lade kontrol leverer et passende sp\u00e6nding kr\u00e6vet til batterierne til maksimal effekt.<\/p>\n<p>Pulse Width Modulation (PWM) regulering er nu mere fint kontrolleret ved hj\u00e6lp af de nyeste programmerbare mikrocontrollere. PWM regulering overv\u00e5ger batterisp\u00e6ndingen for at forhindre overopladning.<\/p>\n<p>LED-indikatorer holder brugeren informeret om batterisp\u00e6ndings niveauer og status for opladning. Indbygget blokerings diode undg\u00e5r konflikt med andre opladnings kilder til det samme batteri. Automatisk sp\u00e6ndings registrering for 12V eller 24V systemer.<\/p>\n<p>Tekniske data:<br \/>\n&#8211; Indgang kapacitet: Rutland\u00a0 vindm\u00f8lle<br \/>\n&#8211; Indgang fra solceller: maks. <a href=\"https:\/\/solcelle.dk\/wordpress\/produkt\/165w-12v-solcelle-sun-plus-165-polykrystallinsk\/\">160Watts solpaneler<\/a>. skal v\u00e6re forsynet med <a href=\"https:\/\/solcelle.dk\/wordpress\/produkt\/ensretterdiode-p600j-600v6a\/\">dioder.<\/a><br \/>\n&#8211; Sp\u00e6nding 12 V DC eller 24 V DC<br \/>\n&#8211; Til et enkelt batteribank<br \/>\n&#8211; M\u00e5l: 130 mm x 80 mm x 42 mm<\/p>\n<p>Tre farvet LED angiver opladnings status:<br \/>\n&#8211; Gr\u00f8n = Opladning, = &gt;13 V (26 V)<br \/>\n&#8211; Orange = Opladning &amp; Regulering, = &gt;12 V &amp; &lt;13 V (&gt; 24 V &amp; &lt;26 V)<br \/>\n&#8211; R\u00f8d = Regulering, = &lt;12 V (24 V)<br \/>\n&#8211; Blinkende r\u00f8d = Meget Lavt Batteri<\/p>\n<p><img loading=\"lazy\" decoding=\"async\" class=\" wp-image-46404\" src=\"https:\/\/solcelle.dk\/wordpress\/wp-content\/uploads\/2016\/10\/Diagram-Rutland504-med-solceller.jpg\" alt=\"Diagram Rutland504 med solceller\" width=\"592\" height=\"534\" srcset=\"https:\/\/solcelle.dk\/wordpress\/wp-content\/uploads\/2016\/10\/Diagram-Rutland504-med-solceller.jpg 791w, https:\/\/solcelle.dk\/wordpress\/wp-content\/uploads\/2016\/10\/Diagram-Rutland504-med-solceller-200x181.jpg 200w, https:\/\/solcelle.dk\/wordpress\/wp-content\/uploads\/2016\/10\/Diagram-Rutland504-med-solceller-768x693.jpg 768w, https:\/\/solcelle.dk\/wordpress\/wp-content\/uploads\/2016\/10\/Diagram-Rutland504-med-solceller-500x451.jpg 500w\" sizes=\"auto, (max-width: 592px) 100vw, 592px\" \/><\/p>\n<p>&nbsp;<\/p>\n","protected":false},"excerpt":{"rendered":"<p>Kan bruges til B\u00e5d, Campingvogn, Skilte belysning, Gadebelysning<br \/>\nKan ogs\u00e5 tilsluttes 1 x 160W solceller<br \/>\nDimensioner: 130 x 80 x 42 mm<\/p>\n<p>Levering: 3-5 dage<\/p>\n","protected":false},"featured_media":1572,"template":"","meta":{"_predictive_search_focuskw":"","_ps_exclude_item":""},"product_brand":[],"product_cat":[141],"product_tag":[192,1083,193],"class_list":{"0":"post-1571","1":"product","2":"type-product","3":"status-publish","4":"has-post-thumbnail","6":"product_cat-laderegulator-til-vindmoeller","7":"product_tag-batteriopladning","8":"product_tag-laderelae","9":"product_tag-lille-vindmoelle","10":"product_shipping_class-forsendelse","11":"pa_producent-marlec-engineering-co-ltd","12":"post","13":"post-with-thumbnail","14":"post-with-thumbnail-large","16":"first","17":"instock","18":"taxable","19":"shipping-taxable","20":"purchasable","21":"product-type-simple"},"aioseo_notices":[],"_links":{"self":[{"href":"https:\/\/solcelle.dk\/wordpress\/wp-json\/wp\/v2\/product\/1571","targetHints":{"allow":["GET"]}}],"collection":[{"href":"https:\/\/solcelle.dk\/wordpress\/wp-json\/wp\/v2\/product"}],"about":[{"href":"https:\/\/solcelle.dk\/wordpress\/wp-json\/wp\/v2\/types\/product"}],"wp:featuredmedia":[{"embeddable":true,"href":"https:\/\/solcelle.dk\/wordpress\/wp-json\/wp\/v2\/media\/1572"}],"wp:attachment":[{"href":"https:\/\/solcelle.dk\/wordpress\/wp-json\/wp\/v2\/media?parent=1571"}],"wp:term":[{"taxonomy":"product_brand","embeddable":true,"href":"https:\/\/solcelle.dk\/wordpress\/wp-json\/wp\/v2\/product_brand?post=1571"},{"taxonomy":"product_cat","embeddable":true,"href":"https:\/\/solcelle.dk\/wordpress\/wp-json\/wp\/v2\/product_cat?post=1571"},{"taxonomy":"product_tag","embeddable":true,"href":"https:\/\/solcelle.dk\/wordpress\/wp-json\/wp\/v2\/product_tag?post=1571"}],"curies":[{"name":"wp","href":"https:\/\/api.w.org\/{rel}","templated":true}]}}