{"id":1940,"date":"2016-10-22T18:51:26","date_gmt":"2016-10-22T17:51:26","guid":{"rendered":"https:\/\/solcelle.dk\/wordpress\/produkt\/230v7w-filament-ledpaere-e27-fatning-varmhvid\/"},"modified":"2025-10-23T10:15:46","modified_gmt":"2025-10-23T09:15:46","slug":"led-paere-8w-e27-230v-indendoers-udendoers","status":"publish","type":"product","link":"https:\/\/solcelle.dk\/wordpress\/produkt\/led-paere-8w-e27-230v-indendoers-udendoers\/","title":{"rendered":"2 x LED p\u00e6re 8W, E27, 230V, indend\u00f8rs \/ udend\u00f8rs"},"content":{"rendered":"<p>2 stk.\u00a0 230V \/ 8 W LED P\u00e6re E27 fatning varm\/hvid mat hvid. LFB serien<a href=\"https:\/\/solcelle.dk\/wordpress\/produkt-kategori\/lys-koeleskab-pumper-ventilator\/led-og-belysning\/led-belysning-til-230v-ac\/\"> LED p\u00e6rer<\/a> er hovedsageligt designet til bolig- og indvendig <a href=\"https:\/\/energiled.dk\/\">belysning<\/a>. De kan ogs\u00e5 bruges i milj\u00f8er med \u00f8get fugt og st\u00f8v med den n\u00f8dvendige grad af beskyttelse.<\/p>\n<p>Ikke d\u00e6mpbar, Indend\u00f8rs\/udend\u00f8rs brug. Pakke med 2 stk.<\/p>\n<p>&#8211; Effekt forbrug: 8,0 W \/230 V AC \/ 50 HZ<br \/>\n&#8211; Farve Temp.: 2700 eller 4200 \u041a<br \/>\n&#8211; M\u00e5lt luminous flux: 650 lm<br \/>\n&#8211; CRI: &gt;80 Ra<br \/>\n&#8211; Sp\u00e6nding: 220 til 240 V AC, 50 Hz<br \/>\n&#8211; Str\u00e5le vinkel: 270\u00ba<br \/>\n&#8211; Fatning: E27<br \/>\n&#8211; On \/ Off antal cyklus: 15.000<br \/>\n&#8211; Opvarmningstid: &lt; 0.2 sec.<br \/>\n&#8211; Gennemsnitlig levetid: 30 000 timer<br \/>\n&#8211; Dimensioner: H 90 mm, D 50 mm<br \/>\n&#8211; Energiklasse A +<br \/>\n&#8211; Garantiperiode: 24 m\u00e5neder<\/p>\n","protected":false},"excerpt":{"rendered":"<p>Dimensioner: H 90 mm, D 50 mm<br \/>\nEffekt forbrug: 7,0 W \/230 V AC \/ 50HZ<br \/>\nFarve Temp.: 2700 eller 4200 \u041a<\/p>\n<p>Levering: 1-2 dage<\/p>\n<p><strong><span style=\"color: #ff0000;\">V\u00e6lg lysfarve:<\/span><\/strong><\/p>\n","protected":false},"featured_media":8830,"template":"","meta":{"_predictive_search_focuskw":"","_ps_exclude_item":""},"product_brand":[],"product_cat":[36],"product_tag":[724],"class_list":{"0":"post-1940","1":"product","2":"type-product","3":"status-publish","4":"has-post-thumbnail","6":"product_cat-led-belysning-til-230v-ac","7":"product_tag-led-paerer-e27","8":"product_shipping_class-forsendelse","9":"pa_condition-new","10":"post","11":"post-with-thumbnail","12":"post-with-thumbnail-large","14":"first","15":"instock","16":"taxable","17":"shipping-taxable","18":"purchasable","19":"product-type-variable","20":"has-default-attributes"},"aioseo_notices":[],"_links":{"self":[{"href":"https:\/\/solcelle.dk\/wordpress\/wp-json\/wp\/v2\/product\/1940","targetHints":{"allow":["GET"]}}],"collection":[{"href":"https:\/\/solcelle.dk\/wordpress\/wp-json\/wp\/v2\/product"}],"about":[{"href":"https:\/\/solcelle.dk\/wordpress\/wp-json\/wp\/v2\/types\/product"}],"wp:featuredmedia":[{"embeddable":true,"href":"https:\/\/solcelle.dk\/wordpress\/wp-json\/wp\/v2\/media\/8830"}],"wp:attachment":[{"href":"https:\/\/solcelle.dk\/wordpress\/wp-json\/wp\/v2\/media?parent=1940"}],"wp:term":[{"taxonomy":"product_brand","embeddable":true,"href":"https:\/\/solcelle.dk\/wordpress\/wp-json\/wp\/v2\/product_brand?post=1940"},{"taxonomy":"product_cat","embeddable":true,"href":"https:\/\/solcelle.dk\/wordpress\/wp-json\/wp\/v2\/product_cat?post=1940"},{"taxonomy":"product_tag","embeddable":true,"href":"https:\/\/solcelle.dk\/wordpress\/wp-json\/wp\/v2\/product_tag?post=1940"}],"curies":[{"name":"wp","href":"https:\/\/api.w.org\/{rel}","templated":true}]}}