{"id":27866,"date":"2019-06-16T10:30:50","date_gmt":"2019-06-16T09:30:50","guid":{"rendered":"https:\/\/solcelle.dk\/wordpress\/?post_type=product&#038;p=27866"},"modified":"2024-01-21T15:03:53","modified_gmt":"2024-01-21T14:03:53","slug":"victron-buck-boost-dc-dc-converter-oplader","status":"publish","type":"product","link":"https:\/\/solcelle.dk\/wordpress\/produkt\/victron-buck-boost-dc-dc-converter-oplader\/","title":{"rendered":"Victron Buck-Boost DC\/DC converter-oplader, 12 til 24V"},"content":{"rendered":"<p>Buck-Boost DC-DC Converter er en DC-DC konverter til opladning af et 12V eller 24V service <a href=\"https:\/\/solcelle.dk\/wordpress\/produkt\/agm-solar-batteri-med-dybde-afladning-12v-100ah\/\">batteri<\/a> i biler med en smart generator. Konverteren oplader hj\u00e6lpebatteriet med en forudindstillet ladningssp\u00e6nding, hvilket eliminerer h\u00f8je sp\u00e6ndinger (fx Mercedes: 15,4V) og lave sp\u00e6ndinger.<\/p>\n<p>Konverteren kan programmeres fuldt ud ved hj\u00e6lp af et simpelt og brugervenligt pc-program. (USB-type A-han til USB-type B-kabel er n\u00f8dvendigt).\u00a0Konverteren kan programmeres til at oplade et 12V eller et 24V hj\u00e6lpebatteri fra enten en 12V eller en 24V generator og startbatteri.<\/p>\n<p><strong>V\u00e6lg effekt:<\/strong><br \/>\nVictron Buck-Boost 25, 300W, DC\/DC konverter-oplader, indgang 25 A\/10-30 VDC, udgang\u00a0 15A\/10-30 VDC<br \/>\nM\u00e5l: 165 x 120 x 30 mm<br \/>\nVictron Buck-Boost 50, 600W, DC\/DC konverter-oplader, indgang 50 A\/10-30 VDC, udgang\u00a0 25 A\/10-30 VDC<br \/>\nM\u00e5l: 213 x 120 x 30 mm<br \/>\nVictron Buck-Boost 100, 1200W, DC\/DC konverter-oplader, indgang 100 A\/10-30 VDC, udgang\u00a0 50 A\/10-30 VDC<br \/>\nM\u00e5l: 288 x 165 x 50 mm<\/p>\n","protected":false},"excerpt":{"rendered":"<p>Konverteren kan programmeres fuldt ud ved hj\u00e6lp af et simpelt og brugervenligt pc-program<br \/>\nLevering:\u00a04-6 dage<\/p>\n<p><span style=\"color: #ff0000;\"><strong>V\u00e6lg effekt, str\u00f8m, sp\u00e6nding:<\/strong><\/span><\/p>\n","protected":false},"featured_media":27877,"template":"","meta":{"_predictive_search_focuskw":"","_ps_exclude_item":""},"product_brand":[],"product_cat":[990],"product_tag":[152,153,159,977,155],"class_list":{"0":"post-27866","1":"product","2":"type-product","3":"status-publish","4":"has-post-thumbnail","6":"product_cat-dc-dc-konverter","7":"product_tag-12v","8":"product_tag-24v","9":"product_tag-batteri","10":"product_tag-konverter","11":"product_tag-oplader","12":"product_shipping_class-forsendelse","13":"pa_producent-victron-energy","14":"post","15":"post-with-thumbnail","16":"post-with-thumbnail-large","18":"first","19":"instock","20":"taxable","21":"shipping-taxable","22":"purchasable","23":"product-type-variable","24":"has-default-attributes"},"aioseo_notices":[],"_links":{"self":[{"href":"https:\/\/solcelle.dk\/wordpress\/wp-json\/wp\/v2\/product\/27866","targetHints":{"allow":["GET"]}}],"collection":[{"href":"https:\/\/solcelle.dk\/wordpress\/wp-json\/wp\/v2\/product"}],"about":[{"href":"https:\/\/solcelle.dk\/wordpress\/wp-json\/wp\/v2\/types\/product"}],"wp:featuredmedia":[{"embeddable":true,"href":"https:\/\/solcelle.dk\/wordpress\/wp-json\/wp\/v2\/media\/27877"}],"wp:attachment":[{"href":"https:\/\/solcelle.dk\/wordpress\/wp-json\/wp\/v2\/media?parent=27866"}],"wp:term":[{"taxonomy":"product_brand","embeddable":true,"href":"https:\/\/solcelle.dk\/wordpress\/wp-json\/wp\/v2\/product_brand?post=27866"},{"taxonomy":"product_cat","embeddable":true,"href":"https:\/\/solcelle.dk\/wordpress\/wp-json\/wp\/v2\/product_cat?post=27866"},{"taxonomy":"product_tag","embeddable":true,"href":"https:\/\/solcelle.dk\/wordpress\/wp-json\/wp\/v2\/product_tag?post=27866"}],"curies":[{"name":"wp","href":"https:\/\/api.w.org\/{rel}","templated":true}]}}