{"id":35563,"date":"2021-03-03T15:53:08","date_gmt":"2021-03-03T14:53:08","guid":{"rendered":"https:\/\/solcelle.dk\/wordpress\/?post_type=product&#038;p=35563"},"modified":"2024-06-09T15:18:46","modified_gmt":"2024-06-09T14:18:46","slug":"dc-dc-konverter-victron-orion-tr-48-48-8a-380w-galvanisk-isoleret","status":"publish","type":"product","link":"https:\/\/solcelle.dk\/wordpress\/produkt\/dc-dc-konverter-victron-orion-tr-48-48-8a-380w-galvanisk-isoleret\/","title":{"rendered":"DC\/DC konverter Victron Orion-Tr 48\/48, 8A, 380W, isoleret"},"content":{"rendered":"<p>DC\/DC konverter Victron Orion-Tr 48\/48, 8 A, 380 W, galvanisk isoleret med regulerbar udgangssp\u00e6nding: kan ogs\u00e5 anvendes som batterioplader.\u00a0 Orion DC\/DC konvertere er velegnede til brug i k\u00f8ret\u00f8jer og p\u00e5 skibe, hvor der er behov for at konverterne fra et <a href=\"https:\/\/solcelle.dk\/wordpress\/produkt-kategori\/lys-koeleskab-pumper-ventilator\/led-og-belysning\/led-stroemforsyning\/\">str\u00f8mforsynings<\/a> system til et andet<\/p>\n<p>Alle modellerne er beskyttet mod kortslutning og kan parallelforbindes for at \u00f8ge udgangsstr\u00f8mmen. Det er muligt at parallelforbinde et ubegr\u00e6nset antal enheder. IP43 beskyttelse: Ved montering s\u00e5ledes at skrueklemmerne vender nedad. Skrueklemmer: Der kr\u00e6ves ikke specialv\u00e6rkt\u00f8j til monteringen. <a href=\"https:\/\/kerychip.dk\/Datablad\/OrionTrDCDCconverters_isolated.pdf\">Download datablad<\/a>, <a href=\"https:\/\/kerychip.dk\/Datablad\/OrionTrDCDCconverters_isolated_manual.pdf\">Download manual<\/a><\/p>\n<p>\u2013 Galvanisk isoleret: Ja<br \/>\n\u2013 Sp\u00e6nding indgang: 32 V \u2013 70 V<br \/>\n\u2013 Sp\u00e6nding udgang: 40 V-60 V (48,2V)<br \/>\n\u2013 Str\u00f8m udgang: 8 A<br \/>\n\u2013 Effekt: 380 W<br \/>\n\u2013 M\u00e5l: 130 mm x 186 mm x 70 mm<br \/>\n\u2013 Temperatur: \u2013 20 til + 55 \u00b0C<\/p>\n","protected":false},"excerpt":{"rendered":"<p>Indgangssp\u00e6nding: 32V-70V<br \/>\nUdgangssp\u00e6nding: 40V-60V (48,2V)<br \/>\nUdgangsstr\u00f8m: 8 A<br \/>\nDimensioner: 130x186x70 mm<br \/>\nLevering: 1-3 dage<\/p>\n<p>&nbsp;<\/p>\n","protected":false},"featured_media":35564,"template":"","meta":{"_predictive_search_focuskw":"","_ps_exclude_item":""},"product_brand":[],"product_cat":[990],"product_tag":[154,224,977],"class_list":{"0":"post-35563","1":"product","2":"type-product","3":"status-publish","4":"has-post-thumbnail","6":"product_cat-dc-dc-konverter","7":"product_tag-48v-batteri","8":"product_tag-8a","9":"product_tag-konverter","10":"product_shipping_class-forsendelse","11":"pa_producent-victron-energy","12":"post","13":"post-with-thumbnail","14":"post-with-thumbnail-large","16":"first","17":"instock","18":"taxable","19":"shipping-taxable","20":"purchasable","21":"product-type-simple"},"aioseo_notices":[],"_links":{"self":[{"href":"https:\/\/solcelle.dk\/wordpress\/wp-json\/wp\/v2\/product\/35563","targetHints":{"allow":["GET"]}}],"collection":[{"href":"https:\/\/solcelle.dk\/wordpress\/wp-json\/wp\/v2\/product"}],"about":[{"href":"https:\/\/solcelle.dk\/wordpress\/wp-json\/wp\/v2\/types\/product"}],"wp:featuredmedia":[{"embeddable":true,"href":"https:\/\/solcelle.dk\/wordpress\/wp-json\/wp\/v2\/media\/35564"}],"wp:attachment":[{"href":"https:\/\/solcelle.dk\/wordpress\/wp-json\/wp\/v2\/media?parent=35563"}],"wp:term":[{"taxonomy":"product_brand","embeddable":true,"href":"https:\/\/solcelle.dk\/wordpress\/wp-json\/wp\/v2\/product_brand?post=35563"},{"taxonomy":"product_cat","embeddable":true,"href":"https:\/\/solcelle.dk\/wordpress\/wp-json\/wp\/v2\/product_cat?post=35563"},{"taxonomy":"product_tag","embeddable":true,"href":"https:\/\/solcelle.dk\/wordpress\/wp-json\/wp\/v2\/product_tag?post=35563"}],"curies":[{"name":"wp","href":"https:\/\/api.w.org\/{rel}","templated":true}]}}